{"id":8470,"date":"2020-04-07T04:07:53","date_gmt":"2020-04-07T02:07:53","guid":{"rendered":"http:\/\/apnu.be\/?page_id=8470"},"modified":"2022-12-20T11:27:14","modified_gmt":"2022-12-20T10:27:14","slug":"archives","status":"publish","type":"page","link":"https:\/\/apnu.be\/index.php\/archives\/","title":{"rendered":"Archives"},"content":{"rendered":"<div class=\"wpb-content-wrapper\"><p>[vc_row][vc_column]<style>.ld_spacer_69d27ab6d06d3{height:100px;}<\/style>\n<div class=\"ld-empty-space ld_spacer_69d27ab6d06d3\"><span class=\"liquid_empty_space_inner\"><\/span><\/div>[vc_column_text]<strong>Retrouvez dans nos archives : <\/strong><\/p>\n<ul>\n<li><a class=\"bar-fill-hover\" href=\"http:\/\/apnu.be\/index.php\/archives\/galery\/\" target=\"\" rel=\"noopener noreferrer\"><strong>nos photos<\/strong><\/a><\/li>\n<li><a class=\"\" href=\"http:\/\/apnu.be\/index.php\/archives\/rapports-dactivites\/\" target=\"\" rel=\"noopener noreferrer\"><strong>rapports d&rsquo;activit\u00e9s<\/strong><\/a><\/li>\n<li><strong><a class=\"bar-fill-hover\" href=\"http:\/\/apnu.be\/index.php\/archives\/8473-2\/\" target=\"\" rel=\"noopener noreferrer\">rapports des assembl\u00e9es g\u00e9n\u00e9rales<\/a><br \/>\n<\/strong><\/li>\n<li><a class=\"\" href=\"http:\/\/apnu.be\/index.php\/archives\/autres-archives\/\" target=\"\" rel=\"noopener noreferrer\"><strong>autres archives.<\/strong><\/a><\/li>\n<\/ul>\n<div id=\"ConnectiveDocSignExtentionInstalled\" data-extension-version=\"1.0.4\"><\/div>\n<p>[\/vc_column_text][\/vc_column][\/vc_row][vc_row][vc_column][vc_column_text]<\/p>\n<p>[\/vc_column_text]<style>.ld_spacer_69d27ab6d087e{height:32px;}<\/style>\n<div class=\"ld-empty-space ld_spacer_69d27ab6d087e\"><span class=\"liquid_empty_space_inner\"><\/span><\/div>[\/vc_column][\/vc_row]<\/p>\n<\/div>","protected":false},"excerpt":{"rendered":"<p>[vc_row][vc_column][vc_column_text]Retrouvez dans nos archives : nos photos rapports d&rsquo;activit\u00e9s rapports des assembl\u00e9es g\u00e9n\u00e9rales autres archives&#8230;.<\/p>\n","protected":false},"author":1,"featured_media":0,"parent":0,"menu_order":0,"comment_status":"closed","ping_status":"closed","template":"","meta":{"footnotes":""},"class_list":["post-8470","page","type-page","status-publish","hentry"],"yoast_head":"<!-- This site is optimized with the Yoast SEO plugin v27.3 - https:\/\/yoast.com\/product\/yoast-seo-wordpress\/ -->\n<title>Archives - APNU<\/title>\n<meta name=\"robots\" content=\"index, follow, max-snippet:-1, max-image-preview:large, max-video-preview:-1\" \/>\n<link rel=\"canonical\" href=\"https:\/\/apnu.be\/index.php\/archives\/\" \/>\n<meta property=\"og:locale\" content=\"fr_FR\" \/>\n<meta property=\"og:type\" content=\"article\" \/>\n<meta property=\"og:title\" content=\"Archives - APNU\" \/>\n<meta property=\"og:description\" content=\"[vc_row][vc_column][vc_column_text]Retrouvez dans nos archives : nos photos rapports d&rsquo;activit\u00e9s rapports des assembl\u00e9es g\u00e9n\u00e9rales autres archives....\" \/>\n<meta property=\"og:url\" content=\"https:\/\/apnu.be\/index.php\/archives\/\" \/>\n<meta property=\"og:site_name\" content=\"APNU\" \/>\n<meta property=\"article:modified_time\" content=\"2022-12-20T10:27:14+00:00\" \/>\n<meta name=\"twitter:card\" content=\"summary_large_image\" \/>\n<meta name=\"twitter:label1\" content=\"Dur\u00e9e de lecture estim\u00e9e\" \/>\n\t<meta name=\"twitter:data1\" content=\"1 minute\" \/>\n<script type=\"application\/ld+json\" class=\"yoast-schema-graph\">{\"@context\":\"https:\\\/\\\/schema.org\",\"@graph\":[{\"@type\":\"WebPage\",\"@id\":\"https:\\\/\\\/apnu.be\\\/index.php\\\/archives\\\/\",\"url\":\"https:\\\/\\\/apnu.be\\\/index.php\\\/archives\\\/\",\"name\":\"Archives - APNU\",\"isPartOf\":{\"@id\":\"https:\\\/\\\/apnu.be\\\/#website\"},\"datePublished\":\"2020-04-07T02:07:53+00:00\",\"dateModified\":\"2022-12-20T10:27:14+00:00\",\"breadcrumb\":{\"@id\":\"https:\\\/\\\/apnu.be\\\/index.php\\\/archives\\\/#breadcrumb\"},\"inLanguage\":\"fr-FR\",\"potentialAction\":[{\"@type\":\"ReadAction\",\"target\":[\"https:\\\/\\\/apnu.be\\\/index.php\\\/archives\\\/\"]}]},{\"@type\":\"BreadcrumbList\",\"@id\":\"https:\\\/\\\/apnu.be\\\/index.php\\\/archives\\\/#breadcrumb\",\"itemListElement\":[{\"@type\":\"ListItem\",\"position\":1,\"name\":\"Accueil\",\"item\":\"https:\\\/\\\/apnu.be\\\/\"},{\"@type\":\"ListItem\",\"position\":2,\"name\":\"Archives\"}]},{\"@type\":\"WebSite\",\"@id\":\"https:\\\/\\\/apnu.be\\\/#website\",\"url\":\"https:\\\/\\\/apnu.be\\\/\",\"name\":\"APNU\",\"description\":\"L\u2019Association pour les Nations Unies (A.P.N.U.). Association sans but lucratif (A.S.B.L.)\",\"potentialAction\":[{\"@type\":\"SearchAction\",\"target\":{\"@type\":\"EntryPoint\",\"urlTemplate\":\"https:\\\/\\\/apnu.be\\\/?s={search_term_string}\"},\"query-input\":{\"@type\":\"PropertyValueSpecification\",\"valueRequired\":true,\"valueName\":\"search_term_string\"}}],\"inLanguage\":\"fr-FR\"}]}<\/script>\n<!-- \/ Yoast SEO plugin. -->","yoast_head_json":{"title":"Archives - APNU","robots":{"index":"index","follow":"follow","max-snippet":"max-snippet:-1","max-image-preview":"max-image-preview:large","max-video-preview":"max-video-preview:-1"},"canonical":"https:\/\/apnu.be\/index.php\/archives\/","og_locale":"fr_FR","og_type":"article","og_title":"Archives - APNU","og_description":"[vc_row][vc_column][vc_column_text]Retrouvez dans nos archives : nos photos rapports d&rsquo;activit\u00e9s rapports des assembl\u00e9es g\u00e9n\u00e9rales autres archives....","og_url":"https:\/\/apnu.be\/index.php\/archives\/","og_site_name":"APNU","article_modified_time":"2022-12-20T10:27:14+00:00","twitter_card":"summary_large_image","twitter_misc":{"Dur\u00e9e de lecture estim\u00e9e":"1 minute"},"schema":{"@context":"https:\/\/schema.org","@graph":[{"@type":"WebPage","@id":"https:\/\/apnu.be\/index.php\/archives\/","url":"https:\/\/apnu.be\/index.php\/archives\/","name":"Archives - APNU","isPartOf":{"@id":"https:\/\/apnu.be\/#website"},"datePublished":"2020-04-07T02:07:53+00:00","dateModified":"2022-12-20T10:27:14+00:00","breadcrumb":{"@id":"https:\/\/apnu.be\/index.php\/archives\/#breadcrumb"},"inLanguage":"fr-FR","potentialAction":[{"@type":"ReadAction","target":["https:\/\/apnu.be\/index.php\/archives\/"]}]},{"@type":"BreadcrumbList","@id":"https:\/\/apnu.be\/index.php\/archives\/#breadcrumb","itemListElement":[{"@type":"ListItem","position":1,"name":"Accueil","item":"https:\/\/apnu.be\/"},{"@type":"ListItem","position":2,"name":"Archives"}]},{"@type":"WebSite","@id":"https:\/\/apnu.be\/#website","url":"https:\/\/apnu.be\/","name":"APNU","description":"L\u2019Association pour les Nations Unies (A.P.N.U.). Association sans but lucratif (A.S.B.L.)","potentialAction":[{"@type":"SearchAction","target":{"@type":"EntryPoint","urlTemplate":"https:\/\/apnu.be\/?s={search_term_string}"},"query-input":{"@type":"PropertyValueSpecification","valueRequired":true,"valueName":"search_term_string"}}],"inLanguage":"fr-FR"}]}},"jetpack_sharing_enabled":true,"_links":{"self":[{"href":"https:\/\/apnu.be\/index.php\/wp-json\/wp\/v2\/pages\/8470","targetHints":{"allow":["GET"]}}],"collection":[{"href":"https:\/\/apnu.be\/index.php\/wp-json\/wp\/v2\/pages"}],"about":[{"href":"https:\/\/apnu.be\/index.php\/wp-json\/wp\/v2\/types\/page"}],"author":[{"embeddable":true,"href":"https:\/\/apnu.be\/index.php\/wp-json\/wp\/v2\/users\/1"}],"replies":[{"embeddable":true,"href":"https:\/\/apnu.be\/index.php\/wp-json\/wp\/v2\/comments?post=8470"}],"version-history":[{"count":12,"href":"https:\/\/apnu.be\/index.php\/wp-json\/wp\/v2\/pages\/8470\/revisions"}],"predecessor-version":[{"id":9924,"href":"https:\/\/apnu.be\/index.php\/wp-json\/wp\/v2\/pages\/8470\/revisions\/9924"}],"wp:attachment":[{"href":"https:\/\/apnu.be\/index.php\/wp-json\/wp\/v2\/media?parent=8470"}],"curies":[{"name":"wp","href":"https:\/\/api.w.org\/{rel}","templated":true}]}}